{"id":2167,"date":"2015-03-12T14:52:34","date_gmt":"2015-03-12T14:52:34","guid":{"rendered":"http:\/\/demo-content.kaliumtheme.com\/main\/?page_id=2167"},"modified":"2025-06-27T12:36:29","modified_gmt":"2025-06-27T12:36:29","slug":"about-me","status":"publish","type":"page","link":"https:\/\/www.gunduzhakan.com\/dev\/about-me\/","title":{"rendered":"About"},"content":{"rendered":"<section class=\"wpb-content-wrapper\"><p>[vc_row][vc_column reveal_effect=&#8221;fadeIn&#8221; reveal_duration=&#8221;0.7&#8243; reveal_delay=&#8221;0.1&#8243;][lab_heading title_tag=&#8221;H1&#8243; title=&#8221;About&#8221;]He studied physics. He specialized in computer vision, real-time computer graphics, human-computer interaction and machine learning. He continues his studies by evaluating new techniques in computer science from an artistic perspective.[\/lab_heading][\/vc_column][\/vc_row][vc_row][vc_column][vc_separator][\/vc_column][\/vc_row][vc_row][vc_column][lab_heading title=&#8221;Exhibitions&#8221;]- Resonance, with ha:ar, Interactive Light &amp; Sound Installation, The Void Exhibition &#8211; \u00c7ubuklu Silolar Digital Art Museum, Istanbul, 2024<\/p>\n<p>\u2013 An \/ Moment, with Serhat Kiraz (A detail from the An\/Moment exhibition), 9th \u00c7anakkale Biennial, Museum of Troy, \u00c7anakkale, 2024<\/p>\n<p>&#8211; Cityscapes, Video Installation, Neredeyiz? (Where are we?), Ma\u00e7ka Art Gallery, Erimtan Archaeology and Arts Museum, Ankara, 2023<\/p>\n<p>&#8211; Memento Mori, Video Installation, Ma\u00e7ka Art Gallery, ArtContact Istanbul, Istanbul, 2022<\/p>\n<p>&#8211; Memento Mori, Video Installation, Memento Mori, Ma\u00e7ka Art Gallery, Istanbul, 2022<\/p>\n<p>&#8211; An \/ Moment, with Serhat Kiraz, Exhibition, Ma\u00e7ka Art Gallery, Istanbul, 2021<\/p>\n<p>&#8211; Artifact, Interactive Installation, Yar\u0131n\u0131n D\u00fcnyas\u0131na \u0130vmeyle, Yildiz Technical University, Istanbul, 2021<\/p>\n<p>&#8211; Arkhe, Part of the artist collaboration in DECOL with Nohlab, Interactive Installation, Beijing Public Art Festival, Beijing, 2021<\/p>\n<p>&#8211; Artifact, Interactive Installation, Ma\u00e7ka Sanat Galerisi, ArtContact Istanbul, Istanbul, 2021<\/p>\n<p>&#8211; In Pieces, with Mert K\u0131z\u0131lay, Interactive Installation, Plugin &#8211; Contemporary Istanbul, Istanbul, 2021<\/p>\n<p>&#8211; Arkhe, Part of the artist collaboration in DECOL with Nohlab, Interactive Installation, Alibaba Design Week, Hangzhou, 2021<\/p>\n<p>&#8211; Artifact, Interactive Installation, Goetzendaemmerung, Haus der Kunst, Munich, 2020<\/p>\n<p>&#8211; Human Colony, Interactive Web Software, Web Biennial Aperion 2020, webbiennial.org, 2020<\/p>\n<p>&#8211; Artifact:Faces, Video, Simulakra, metaspace.decol.tv, 2020<\/p>\n<p>&#8211; Artifact:Faces, Digital Print, Video Installation, Solo Exhibition, Mixer Art Gallery, \u0130stanbul, 2020<\/p>\n<p>&#8211; Arkhe, Part of the artist collaboration in DECOL with Nohlab, Interactive Installation, Kristal Elma Awards, Istanbul, 2020<\/p>\n<p>&#8211; Arkhe, Part of the artist collaboration in DECOL with Nohlab, Interactive Installation, Plugin &#8211; Contemporary Istanbul, Istanbul, 2019<\/p>\n<p>&#8211; Artifact, Interactive Installation, Innovation Week Exhibition, L\u00fctfi K\u0131rdar Congress Center, Istanbul, 2019<\/p>\n<p>&#8211; Haraka, with Hazal D\u00f6leneken, Interactive Installation, Heterotopya, REM Art Space, Istanbul, 2017<\/p>\n<p>&#8211; Human Colony, Interactive Installation, Amber Art and Technology Festival, Energy Muzeum, Istanbul, 2015<\/p>\n<p>[\/lab_heading][\/vc_column][\/vc_row]<\/p>\n<\/section>","protected":false},"excerpt":{"rendered":"<p>[vc_row][vc_column reveal_effect=&#8221;fadeIn&#8221; reveal_duration=&#8221;0.7&#8243; reveal_delay=&#8221;0.1&#8243;][lab_heading title_tag=&#8221;H1&#8243; title=&#8221;About&#8221;]He studied physics. He specialized in computer vision, real-time computer graphics, human-computer interaction and machine learning. He continues his studies by evaluating new techniques in computer science from an artistic perspective.[\/lab_heading][\/vc_column][\/vc_row][vc_row][vc_column][vc_separator][\/vc_column][\/vc_row][vc_row][vc_column][lab_heading title=&#8221;Exhibitions&#8221;]- Resonance, with ha:ar, Interactive Light &amp; Sound Installation, The Void Exhibition &#8211; \u00c7ubuklu Silolar Digital Art Museum, Istanbul,&hellip;<\/p>\n","protected":false},"author":1,"featured_media":0,"parent":0,"menu_order":0,"comment_status":"open","ping_status":"open","template":"","meta":[],"acf":[],"yoast_head":"<!-- This site is optimized with the Yoast SEO plugin v19.14 - https:\/\/yoast.com\/wordpress\/plugins\/seo\/ -->\n<title>About - Hakan G\u00fcnd\u00fcz<\/title>\n<meta name=\"robots\" content=\"index, follow, max-snippet:-1, max-image-preview:large, max-video-preview:-1\" \/>\n<link rel=\"canonical\" href=\"https:\/\/www.gunduzhakan.com\/dev\/about-me\/\" \/>\n<meta property=\"og:locale\" content=\"en_US\" \/>\n<meta property=\"og:type\" content=\"article\" \/>\n<meta property=\"og:title\" content=\"About - Hakan G\u00fcnd\u00fcz\" \/>\n<meta property=\"og:description\" content=\"[vc_row][vc_column reveal_effect=&#8221;fadeIn&#8221; reveal_duration=&#8221;0.7&#8243; reveal_delay=&#8221;0.1&#8243;][lab_heading title_tag=&#8221;H1&#8243; title=&#8221;About&#8221;]He studied physics. He specialized in computer vision, real-time computer graphics, human-computer interaction and machine learning. He continues his studies by evaluating new techniques in computer science from an artistic perspective.[\/lab_heading][\/vc_column][\/vc_row][vc_row][vc_column][vc_separator][\/vc_column][\/vc_row][vc_row][vc_column][lab_heading title=&#8221;Exhibitions&#8221;]- Resonance, with ha:ar, Interactive Light &amp; Sound Installation, The Void Exhibition &#8211; \u00c7ubuklu Silolar Digital Art Museum, Istanbul,&hellip;\" \/>\n<meta property=\"og:url\" content=\"https:\/\/www.gunduzhakan.com\/dev\/about-me\/\" \/>\n<meta property=\"og:site_name\" content=\"Hakan G\u00fcnd\u00fcz\" \/>\n<meta property=\"article:modified_time\" content=\"2025-06-27T12:36:29+00:00\" \/>\n<meta name=\"twitter:card\" content=\"summary_large_image\" \/>\n<meta name=\"twitter:label1\" content=\"Est. reading time\" \/>\n\t<meta name=\"twitter:data1\" content=\"2 minutes\" \/>\n<script type=\"application\/ld+json\" class=\"yoast-schema-graph\">{\"@context\":\"https:\/\/schema.org\",\"@graph\":[{\"@type\":\"WebPage\",\"@id\":\"https:\/\/www.gunduzhakan.com\/dev\/about-me\/\",\"url\":\"https:\/\/www.gunduzhakan.com\/dev\/about-me\/\",\"name\":\"About - Hakan G\u00fcnd\u00fcz\",\"isPartOf\":{\"@id\":\"https:\/\/www.gunduzhakan.com\/dev\/#website\"},\"datePublished\":\"2015-03-12T14:52:34+00:00\",\"dateModified\":\"2025-06-27T12:36:29+00:00\",\"breadcrumb\":{\"@id\":\"https:\/\/www.gunduzhakan.com\/dev\/about-me\/#breadcrumb\"},\"inLanguage\":\"en-US\",\"potentialAction\":[{\"@type\":\"ReadAction\",\"target\":[\"https:\/\/www.gunduzhakan.com\/dev\/about-me\/\"]}]},{\"@type\":\"BreadcrumbList\",\"@id\":\"https:\/\/www.gunduzhakan.com\/dev\/about-me\/#breadcrumb\",\"itemListElement\":[{\"@type\":\"ListItem\",\"position\":1,\"name\":\"Home\",\"item\":\"https:\/\/www.gunduzhakan.com\/dev\/\"},{\"@type\":\"ListItem\",\"position\":2,\"name\":\"About\"}]},{\"@type\":\"WebSite\",\"@id\":\"https:\/\/www.gunduzhakan.com\/dev\/#website\",\"url\":\"https:\/\/www.gunduzhakan.com\/dev\/\",\"name\":\"Hakan G\u00fcnd\u00fcz\",\"description\":\"Personal Web Page\",\"publisher\":{\"@id\":\"https:\/\/www.gunduzhakan.com\/dev\/#\/schema\/person\/094850d35de3a82ef295bc5d976453c6\"},\"potentialAction\":[{\"@type\":\"SearchAction\",\"target\":{\"@type\":\"EntryPoint\",\"urlTemplate\":\"https:\/\/www.gunduzhakan.com\/dev\/?s={search_term_string}\"},\"query-input\":\"required name=search_term_string\"}],\"inLanguage\":\"en-US\"},{\"@type\":[\"Person\",\"Organization\"],\"@id\":\"https:\/\/www.gunduzhakan.com\/dev\/#\/schema\/person\/094850d35de3a82ef295bc5d976453c6\",\"name\":\"admin\",\"image\":{\"@type\":\"ImageObject\",\"inLanguage\":\"en-US\",\"@id\":\"https:\/\/www.gunduzhakan.com\/dev\/#\/schema\/person\/image\/\",\"url\":\"http:\/\/www.gunduzhakan.com\/dev\/wp-content\/uploads\/2022\/11\/30_1_e.jpg\",\"contentUrl\":\"http:\/\/www.gunduzhakan.com\/dev\/wp-content\/uploads\/2022\/11\/30_1_e.jpg\",\"width\":1170,\"height\":780,\"caption\":\"admin\"},\"logo\":{\"@id\":\"https:\/\/www.gunduzhakan.com\/dev\/#\/schema\/person\/image\/\"},\"sameAs\":[\"http:\/\/www.gunduzhakan.com\/dev\"]}]}<\/script>\n<!-- \/ Yoast SEO plugin. -->","yoast_head_json":{"title":"About - Hakan G\u00fcnd\u00fcz","robots":{"index":"index","follow":"follow","max-snippet":"max-snippet:-1","max-image-preview":"max-image-preview:large","max-video-preview":"max-video-preview:-1"},"canonical":"https:\/\/www.gunduzhakan.com\/dev\/about-me\/","og_locale":"en_US","og_type":"article","og_title":"About - Hakan G\u00fcnd\u00fcz","og_description":"[vc_row][vc_column reveal_effect=&#8221;fadeIn&#8221; reveal_duration=&#8221;0.7&#8243; reveal_delay=&#8221;0.1&#8243;][lab_heading title_tag=&#8221;H1&#8243; title=&#8221;About&#8221;]He studied physics. He specialized in computer vision, real-time computer graphics, human-computer interaction and machine learning. He continues his studies by evaluating new techniques in computer science from an artistic perspective.[\/lab_heading][\/vc_column][\/vc_row][vc_row][vc_column][vc_separator][\/vc_column][\/vc_row][vc_row][vc_column][lab_heading title=&#8221;Exhibitions&#8221;]- Resonance, with ha:ar, Interactive Light &amp; Sound Installation, The Void Exhibition &#8211; \u00c7ubuklu Silolar Digital Art Museum, Istanbul,&hellip;","og_url":"https:\/\/www.gunduzhakan.com\/dev\/about-me\/","og_site_name":"Hakan G\u00fcnd\u00fcz","article_modified_time":"2025-06-27T12:36:29+00:00","twitter_card":"summary_large_image","twitter_misc":{"Est. reading time":"2 minutes"},"schema":{"@context":"https:\/\/schema.org","@graph":[{"@type":"WebPage","@id":"https:\/\/www.gunduzhakan.com\/dev\/about-me\/","url":"https:\/\/www.gunduzhakan.com\/dev\/about-me\/","name":"About - Hakan G\u00fcnd\u00fcz","isPartOf":{"@id":"https:\/\/www.gunduzhakan.com\/dev\/#website"},"datePublished":"2015-03-12T14:52:34+00:00","dateModified":"2025-06-27T12:36:29+00:00","breadcrumb":{"@id":"https:\/\/www.gunduzhakan.com\/dev\/about-me\/#breadcrumb"},"inLanguage":"en-US","potentialAction":[{"@type":"ReadAction","target":["https:\/\/www.gunduzhakan.com\/dev\/about-me\/"]}]},{"@type":"BreadcrumbList","@id":"https:\/\/www.gunduzhakan.com\/dev\/about-me\/#breadcrumb","itemListElement":[{"@type":"ListItem","position":1,"name":"Home","item":"https:\/\/www.gunduzhakan.com\/dev\/"},{"@type":"ListItem","position":2,"name":"About"}]},{"@type":"WebSite","@id":"https:\/\/www.gunduzhakan.com\/dev\/#website","url":"https:\/\/www.gunduzhakan.com\/dev\/","name":"Hakan G\u00fcnd\u00fcz","description":"Personal Web Page","publisher":{"@id":"https:\/\/www.gunduzhakan.com\/dev\/#\/schema\/person\/094850d35de3a82ef295bc5d976453c6"},"potentialAction":[{"@type":"SearchAction","target":{"@type":"EntryPoint","urlTemplate":"https:\/\/www.gunduzhakan.com\/dev\/?s={search_term_string}"},"query-input":"required name=search_term_string"}],"inLanguage":"en-US"},{"@type":["Person","Organization"],"@id":"https:\/\/www.gunduzhakan.com\/dev\/#\/schema\/person\/094850d35de3a82ef295bc5d976453c6","name":"admin","image":{"@type":"ImageObject","inLanguage":"en-US","@id":"https:\/\/www.gunduzhakan.com\/dev\/#\/schema\/person\/image\/","url":"http:\/\/www.gunduzhakan.com\/dev\/wp-content\/uploads\/2022\/11\/30_1_e.jpg","contentUrl":"http:\/\/www.gunduzhakan.com\/dev\/wp-content\/uploads\/2022\/11\/30_1_e.jpg","width":1170,"height":780,"caption":"admin"},"logo":{"@id":"https:\/\/www.gunduzhakan.com\/dev\/#\/schema\/person\/image\/"},"sameAs":["http:\/\/www.gunduzhakan.com\/dev"]}]}},"_links":{"self":[{"href":"https:\/\/www.gunduzhakan.com\/dev\/wp-json\/wp\/v2\/pages\/2167"}],"collection":[{"href":"https:\/\/www.gunduzhakan.com\/dev\/wp-json\/wp\/v2\/pages"}],"about":[{"href":"https:\/\/www.gunduzhakan.com\/dev\/wp-json\/wp\/v2\/types\/page"}],"author":[{"embeddable":true,"href":"https:\/\/www.gunduzhakan.com\/dev\/wp-json\/wp\/v2\/users\/1"}],"replies":[{"embeddable":true,"href":"https:\/\/www.gunduzhakan.com\/dev\/wp-json\/wp\/v2\/comments?post=2167"}],"version-history":[{"count":6,"href":"https:\/\/www.gunduzhakan.com\/dev\/wp-json\/wp\/v2\/pages\/2167\/revisions"}],"predecessor-version":[{"id":5039,"href":"https:\/\/www.gunduzhakan.com\/dev\/wp-json\/wp\/v2\/pages\/2167\/revisions\/5039"}],"wp:attachment":[{"href":"https:\/\/www.gunduzhakan.com\/dev\/wp-json\/wp\/v2\/media?parent=2167"}],"curies":[{"name":"wp","href":"https:\/\/api.w.org\/{rel}","templated":true}]}}